{"id":15489,"date":"2023-02-18T13:20:21","date_gmt":"2023-02-18T13:20:21","guid":{"rendered":"https:\/\/gruposotillo.com\/barranquilla\/?post_type=product&#038;p=15489"},"modified":"2023-12-13T07:47:46","modified_gmt":"2023-12-13T07:47:46","slug":"viejo-de-caldas-8-anos-375ml","status":"publish","type":"product","link":"https:\/\/gruposotillo.com\/barranquilla\/producto\/viejo-de-caldas-8-anos-375ml\/","title":{"rendered":"VIEJO DE CALDAS 8 A\u00d1OS 375ML"},"content":{"rendered":"<p>VIEJO DE CALDAS 8 A\u00d1OS 375ML<\/p>\n","protected":false},"excerpt":{"rendered":"<p>Producido a partir de la ca\u00f1a de az\u00facar y a\u00f1ejado en barriles de roble durante ocho a\u00f1os, para que adquiera su sabor y consistencia caracter\u00edsticos.<\/p>\n","protected":false},"featured_media":15490,"comment_status":"closed","ping_status":"closed","template":"","meta":{"_acf_changed":false},"product_cat":[24],"product_tag":[],"class_list":{"0":"post-15489","1":"product","2":"type-product","3":"status-publish","4":"has-post-thumbnail","6":"product_cat-ron","8":"first","9":"instock","10":"taxable","11":"shipping-taxable","12":"purchasable","13":"product-type-simple"},"acf":[],"jetpack_sharing_enabled":true,"_links":{"self":[{"href":"https:\/\/gruposotillo.com\/barranquilla\/wp-json\/wp\/v2\/product\/15489","targetHints":{"allow":["GET"]}}],"collection":[{"href":"https:\/\/gruposotillo.com\/barranquilla\/wp-json\/wp\/v2\/product"}],"about":[{"href":"https:\/\/gruposotillo.com\/barranquilla\/wp-json\/wp\/v2\/types\/product"}],"replies":[{"embeddable":true,"href":"https:\/\/gruposotillo.com\/barranquilla\/wp-json\/wp\/v2\/comments?post=15489"}],"wp:featuredmedia":[{"embeddable":true,"href":"https:\/\/gruposotillo.com\/barranquilla\/wp-json\/wp\/v2\/media\/15490"}],"wp:attachment":[{"href":"https:\/\/gruposotillo.com\/barranquilla\/wp-json\/wp\/v2\/media?parent=15489"}],"wp:term":[{"taxonomy":"product_cat","embeddable":true,"href":"https:\/\/gruposotillo.com\/barranquilla\/wp-json\/wp\/v2\/product_cat?post=15489"},{"taxonomy":"product_tag","embeddable":true,"href":"https:\/\/gruposotillo.com\/barranquilla\/wp-json\/wp\/v2\/product_tag?post=15489"}],"curies":[{"name":"wp","href":"https:\/\/api.w.org\/{rel}","templated":true}]}}