{"id":15369,"date":"2023-02-18T13:20:04","date_gmt":"2023-02-18T13:20:04","guid":{"rendered":"https:\/\/gruposotillo.com\/barranquilla\/?post_type=product&#038;p=15369"},"modified":"2024-05-21T18:38:29","modified_gmt":"2024-05-21T18:38:29","slug":"black-label-375ml","status":"publish","type":"product","link":"https:\/\/gruposotillo.com\/barranquilla\/producto\/black-label-375ml\/","title":{"rendered":"BLACK LABEL 375ML"},"content":{"rendered":"<p>BLACK LABEL 375ML<\/p>\n","protected":false},"excerpt":{"rendered":"<p>Con sus or\u00edgenes en la d\u00e9cada de 1870 el Whisky A\u00f1ejo Especial, JOHNNIE WALKER BLACK LABEL se convirti\u00f3 en \u201cBlack Label\u201d en 1909. Es considerado por los expertos como la \u00faltima instancia en whisky escoc\u00e9s de lujo, es el punto de referencia por el cual se miden todos los dem\u00e1s.<\/p>\n<p>Cada botella de BLACK LABEL ha estado dos d\u00e9cadas en planificaci\u00f3n y utiliza whisky de las mejores destiler\u00edas de toda Escocia a\u00f1ejadas en las mejores barricas de whisky. Cada whisky es madurado de una forma ligeramente diferente, debido a las complejidades de la madera, el clima y la ubicaci\u00f3n.<\/p>\n","protected":false},"featured_media":15370,"comment_status":"closed","ping_status":"closed","template":"","meta":{"_acf_changed":false},"product_cat":[49],"product_tag":[],"class_list":{"0":"post-15369","1":"product","2":"type-product","3":"status-publish","4":"has-post-thumbnail","6":"product_cat-blended-whisky","8":"first","9":"instock","10":"taxable","11":"shipping-taxable","12":"purchasable","13":"product-type-simple"},"acf":[],"jetpack_sharing_enabled":true,"_links":{"self":[{"href":"https:\/\/gruposotillo.com\/barranquilla\/wp-json\/wp\/v2\/product\/15369","targetHints":{"allow":["GET"]}}],"collection":[{"href":"https:\/\/gruposotillo.com\/barranquilla\/wp-json\/wp\/v2\/product"}],"about":[{"href":"https:\/\/gruposotillo.com\/barranquilla\/wp-json\/wp\/v2\/types\/product"}],"replies":[{"embeddable":true,"href":"https:\/\/gruposotillo.com\/barranquilla\/wp-json\/wp\/v2\/comments?post=15369"}],"wp:featuredmedia":[{"embeddable":true,"href":"https:\/\/gruposotillo.com\/barranquilla\/wp-json\/wp\/v2\/media\/15370"}],"wp:attachment":[{"href":"https:\/\/gruposotillo.com\/barranquilla\/wp-json\/wp\/v2\/media?parent=15369"}],"wp:term":[{"taxonomy":"product_cat","embeddable":true,"href":"https:\/\/gruposotillo.com\/barranquilla\/wp-json\/wp\/v2\/product_cat?post=15369"},{"taxonomy":"product_tag","embeddable":true,"href":"https:\/\/gruposotillo.com\/barranquilla\/wp-json\/wp\/v2\/product_tag?post=15369"}],"curies":[{"name":"wp","href":"https:\/\/api.w.org\/{rel}","templated":true}]}}