{"id":15222,"date":"2023-02-18T13:19:46","date_gmt":"2023-02-18T13:19:46","guid":{"rendered":"https:\/\/gruposotillo.com\/barranquilla\/?post_type=product&#038;p=15222"},"modified":"2024-05-21T19:19:10","modified_gmt":"2024-05-21T19:19:10","slug":"bols-cafe-700ml","status":"publish","type":"product","link":"https:\/\/gruposotillo.com\/barranquilla\/producto\/bols-cafe-700ml\/","title":{"rendered":"BOLS CAFE 700ML"},"content":{"rendered":"<p>BOLS CAFE 700ML<\/p>\n","protected":false},"excerpt":{"rendered":"<p>La historia de Bols se remonta al a\u00f1o 1575, cuando Lucas Bols prepar\u00f3 una destiler\u00eda peque\u00f1a en las afueras de Amsterdam., era la \u00e9poca en que los pa\u00edses bajos estaban en el umbral de su edad dorada y Amsterdam estaba volvi\u00e9ndose el centro de comercio mundial.<\/p>\n<p>Se trajeron a \u00c1msterdam hierbas y especias de todas las partes y rincones del mundo y Lucas Bols los ense\u00f1\u00f3 a crear los licores mas finos que en las d\u00e9cadas siguientes, lo har\u00edan famoso.<\/p>\n<p>Alrededor de 1612 la compa\u00f1\u00eda se adjunt\u00f3 a la ciudad de Amsterdam. Su hijo, Ene Jacob Bols, construy\u00f3 una nueva destiler\u00eda para reemplazar el cobertizo viejo de su padre. Durante siglos la compa\u00f1\u00eda y todas sus recetas confidenciales, pasaron del padre al hijo. Sin embargo, en 1816 los descendientes directos en la dinast\u00eda Bols fallecieron y la familia vendi\u00f3 la compa\u00f1\u00eda; ellos pusieron una condici\u00f3n importante: el nombre Bols deb\u00eda permanecer para siempre en la destiler\u00eda.<\/p>\n<p>Los Licores Bols son significativamente mejores que los de su competencia en muchos aspectos. Esto ha sido establecido por un estudio de la CSO (Instituto de Investigaci\u00f3n de Aromas y Sabores). Un equipo de 24 panelistas neutrales llego a esta conclusi\u00f3n de que los licores Bols est\u00e1n muy adelantados a sus competidores.<\/p>\n","protected":false},"featured_media":15223,"comment_status":"closed","ping_status":"closed","template":"","meta":{"_acf_changed":false},"product_cat":[24],"product_tag":[],"class_list":{"0":"post-15222","1":"product","2":"type-product","3":"status-publish","4":"has-post-thumbnail","6":"product_cat-ron","8":"first","9":"instock","10":"taxable","11":"shipping-taxable","12":"purchasable","13":"product-type-simple"},"acf":[],"jetpack_sharing_enabled":true,"_links":{"self":[{"href":"https:\/\/gruposotillo.com\/barranquilla\/wp-json\/wp\/v2\/product\/15222","targetHints":{"allow":["GET"]}}],"collection":[{"href":"https:\/\/gruposotillo.com\/barranquilla\/wp-json\/wp\/v2\/product"}],"about":[{"href":"https:\/\/gruposotillo.com\/barranquilla\/wp-json\/wp\/v2\/types\/product"}],"replies":[{"embeddable":true,"href":"https:\/\/gruposotillo.com\/barranquilla\/wp-json\/wp\/v2\/comments?post=15222"}],"wp:featuredmedia":[{"embeddable":true,"href":"https:\/\/gruposotillo.com\/barranquilla\/wp-json\/wp\/v2\/media\/15223"}],"wp:attachment":[{"href":"https:\/\/gruposotillo.com\/barranquilla\/wp-json\/wp\/v2\/media?parent=15222"}],"wp:term":[{"taxonomy":"product_cat","embeddable":true,"href":"https:\/\/gruposotillo.com\/barranquilla\/wp-json\/wp\/v2\/product_cat?post=15222"},{"taxonomy":"product_tag","embeddable":true,"href":"https:\/\/gruposotillo.com\/barranquilla\/wp-json\/wp\/v2\/product_tag?post=15222"}],"curies":[{"name":"wp","href":"https:\/\/api.w.org\/{rel}","templated":true}]}}