{"id":15028,"date":"2023-02-18T13:19:18","date_gmt":"2023-02-18T13:19:18","guid":{"rendered":"https:\/\/gruposotillo.com\/barranquilla\/?post_type=product&#038;p=15028"},"modified":"2024-09-12T16:22:33","modified_gmt":"2024-09-12T16:22:33","slug":"glenfiddich-18-anos-750ml","status":"publish","type":"product","link":"https:\/\/gruposotillo.com\/barranquilla\/producto\/glenfiddich-18-anos-750ml\/","title":{"rendered":"GLENFIDDICH 18 A\u00d1OS 750ML"},"content":{"rendered":"<p>GLENFIDDICH 18 A\u00d1OS 750ML<\/p>\n","protected":false},"excerpt":{"rendered":"<p>GLENFIDDICH\u00a0es una destiler\u00eda de whisky escoc\u00e9s de malta situada en Dufftown, Scotland, en la regi\u00f3n de Speyside. Pertenece a William Grant &amp; Sons.\u00a0<span class=\"goog-text-highlight\">Utilizamos madera fina Espa\u00f1ola Olorosa y Roble Americano para madurar esta rica, curiosamente afrutado y s\u00f3lida expresi\u00f3n de roble, pero hay muchas m\u00e1s razones por esta expresi\u00f3n es especial. <\/span><span class=\"goog-text-highlight\">Cada lote est\u00e1 numerada individualmente y cuidadosamente vigilada. <\/span>Cada uno tiene extraordinaria consistencia y car\u00e1cter de un per\u00edodo de casarse intensa y un calentamiento, acabado distinguido. Un single malt verdaderamente excepcional, el resultado no s\u00f3lo de dieciocho a\u00f1os de cuidado y atenci\u00f3n, pero de las embarcaciones y el conocimiento de whisky de decisiones pasa de generaci\u00f3n en generaci\u00f3n .<\/p>\n","protected":false},"featured_media":15029,"comment_status":"closed","ping_status":"closed","template":"","meta":{"_acf_changed":false},"product_cat":[50],"product_tag":[],"class_list":{"0":"post-15028","1":"product","2":"type-product","3":"status-publish","4":"has-post-thumbnail","6":"product_cat-single-malt-whisky","8":"first","9":"instock","10":"taxable","11":"shipping-taxable","12":"purchasable","13":"product-type-simple"},"acf":[],"jetpack_sharing_enabled":true,"_links":{"self":[{"href":"https:\/\/gruposotillo.com\/barranquilla\/wp-json\/wp\/v2\/product\/15028","targetHints":{"allow":["GET"]}}],"collection":[{"href":"https:\/\/gruposotillo.com\/barranquilla\/wp-json\/wp\/v2\/product"}],"about":[{"href":"https:\/\/gruposotillo.com\/barranquilla\/wp-json\/wp\/v2\/types\/product"}],"replies":[{"embeddable":true,"href":"https:\/\/gruposotillo.com\/barranquilla\/wp-json\/wp\/v2\/comments?post=15028"}],"wp:featuredmedia":[{"embeddable":true,"href":"https:\/\/gruposotillo.com\/barranquilla\/wp-json\/wp\/v2\/media\/15029"}],"wp:attachment":[{"href":"https:\/\/gruposotillo.com\/barranquilla\/wp-json\/wp\/v2\/media?parent=15028"}],"wp:term":[{"taxonomy":"product_cat","embeddable":true,"href":"https:\/\/gruposotillo.com\/barranquilla\/wp-json\/wp\/v2\/product_cat?post=15028"},{"taxonomy":"product_tag","embeddable":true,"href":"https:\/\/gruposotillo.com\/barranquilla\/wp-json\/wp\/v2\/product_tag?post=15028"}],"curies":[{"name":"wp","href":"https:\/\/api.w.org\/{rel}","templated":true}]}}